{"id":4696,"date":"2024-01-05T20:27:21","date_gmt":"2024-01-05T20:27:21","guid":{"rendered":"https:\/\/unicosolar.com.br\/backup\/?page_id=4696"},"modified":"2024-05-23T16:20:03","modified_gmt":"2024-05-23T19:20:03","slug":"usina-de-investimento","status":"publish","type":"page","link":"https:\/\/unicosolar.com.br\/backup\/usina-de-investimento\/","title":{"rendered":"Usina de investimento"},"content":{"rendered":"\t\t<div data-elementor-type=\"wp-page\" data-elementor-id=\"4696\" class=\"elementor elementor-4696\">\n\t\t\t\t<main class=\"elementor-element elementor-element-5697038 e-flex e-con-boxed e-con e-parent\" data-id=\"5697038\" data-element_type=\"container\" data-settings=\"{&quot;background_background&quot;:&quot;classic&quot;}\">\n\t\t\t\t\t<div class=\"e-con-inner\">\n\t\t\t\t<div class=\"elementor-element elementor-element-d5828df elementor-widget__width-initial elementor-invisible elementor-widget elementor-widget-heading\" data-id=\"d5828df\" data-element_type=\"widget\" data-settings=\"{&quot;_animation&quot;:&quot;fadeIn&quot;}\" data-widget_type=\"heading.default\">\n\t\t\t\t<div class=\"elementor-widget-container\">\n\t\t\t\t\t<h1 class=\"elementor-heading-title elementor-size-default\">Usina solar<bR>\nUm investimento seguro e rent\u00e1vel<\/h1>\t\t\t\t<\/div>\n\t\t\t\t<\/div>\n\t\t\t\t<div class=\"elementor-element elementor-element-c0f2048 elementor-widget__width-initial elementor-widget-tablet__width-inherit elementor-widget elementor-widget-text-editor\" data-id=\"c0f2048\" data-element_type=\"widget\" data-widget_type=\"text-editor.default\">\n\t\t\t\t<div class=\"elementor-widget-container\">\n\t\t\t\t\t\t\t\t\t<p>Trabalho e coragem para <strong>revolucionar<\/strong> a matriz energ\u00e9tica<\/p>\t\t\t\t\t\t\t\t<\/div>\n\t\t\t\t<\/div>\n\t\t\t\t<div class=\"elementor-element elementor-element-b054d43 elementor-align-center elementor-invisible elementor-widget elementor-widget-button\" data-id=\"b054d43\" data-element_type=\"widget\" data-settings=\"{&quot;_animation&quot;:&quot;fadeInUp&quot;}\" data-widget_type=\"button.default\">\n\t\t\t\t<div class=\"elementor-widget-container\">\n\t\t\t\t\t\t\t\t\t<div class=\"elementor-button-wrapper\">\n\t\t\t\t\t<a class=\"elementor-button elementor-button-link elementor-size-sm elementor-animation-shrink\" href=\"https:\/\/unicosolar.com.br\/backup\/#economia\">\n\t\t\t\t\t\t<span class=\"elementor-button-content-wrapper\">\n\t\t\t\t\t\t\t\t\t<span class=\"elementor-button-text\">Simular Investimento<\/span>\n\t\t\t\t\t<\/span>\n\t\t\t\t\t<\/a>\n\t\t\t\t<\/div>\n\t\t\t\t\t\t\t\t<\/div>\n\t\t\t\t<\/div>\n\t\t\t\t\t<\/div>\n\t\t\t\t<\/main>\n\t\t<div class=\"elementor-element elementor-element-e357b5b e-flex e-con-boxed e-con e-parent\" data-id=\"e357b5b\" data-element_type=\"container\" data-settings=\"{&quot;background_background&quot;:&quot;classic&quot;}\">\n\t\t\t\t\t<div class=\"e-con-inner\">\n\t\t\t\t<div class=\"elementor-element elementor-element-0f8c523 elementor-widget__width-inherit elementor-invisible elementor-widget elementor-widget-heading\" data-id=\"0f8c523\" data-element_type=\"widget\" data-settings=\"{&quot;_animation&quot;:&quot;fadeInUp&quot;}\" data-widget_type=\"heading.default\">\n\t\t\t\t<div class=\"elementor-widget-container\">\n\t\t\t\t\t<h2 class=\"elementor-heading-title elementor-size-default\">O que \u00e9 uma usina solar?\n<\/h2>\t\t\t\t<\/div>\n\t\t\t\t<\/div>\n\t\t\t\t<div class=\"elementor-element elementor-element-619a82b elementor-widget__width-initial elementor-invisible elementor-widget elementor-widget-text-editor\" data-id=\"619a82b\" data-element_type=\"widget\" data-settings=\"{&quot;_animation&quot;:&quot;fadeInUp&quot;}\" data-widget_type=\"text-editor.default\">\n\t\t\t\t<div class=\"elementor-widget-container\">\n\t\t\t\t\t\t\t\t\t<p>S\u00e3o\u00a0usinas que geram energia\u00a0por meio da luz do sol. Essas usinas podem ter centenas ou at\u00e9 milhares de pain\u00e9is fotovoltaicos, tamb\u00e9m chamados pain\u00e9is solares.<br \/>Quando focadas em comercializa\u00e7\u00e3o de energia, as usinas solares s\u00e3o geralmente instaladas em terrenos planos para aproveitar melhor a luz do sol ao longo do dia. <br \/>Usinas solares s\u00e3o muito silenciosas e n\u00e3o geram polui\u00e7\u00e3o ou danos ao meio ambiente. Sua\u00a0manuten\u00e7\u00e3o \u00e9 simples, exigindo, na maior parte do tempo, apenas limpeza, inspe\u00e7\u00e3o dos equipamentos e monitoramento da produ\u00e7\u00e3o de energia.<\/p>\t\t\t\t\t\t\t\t<\/div>\n\t\t\t\t<\/div>\n\t\t\t\t\t<\/div>\n\t\t\t\t<\/div>\n\t\t<div class=\"elementor-element elementor-element-abf4035 e-flex e-con-boxed e-con e-parent\" data-id=\"abf4035\" data-element_type=\"container\" data-settings=\"{&quot;background_background&quot;:&quot;classic&quot;}\">\n\t\t\t\t\t<div class=\"e-con-inner\">\n\t\t\t\t<div class=\"elementor-element elementor-element-d957657 elementor-widget__width-inherit elementor-invisible elementor-widget elementor-widget-heading\" data-id=\"d957657\" data-element_type=\"widget\" data-settings=\"{&quot;_animation&quot;:&quot;fadeInUp&quot;}\" data-widget_type=\"heading.default\">\n\t\t\t\t<div class=\"elementor-widget-container\">\n\t\t\t\t\t<h2 class=\"elementor-heading-title elementor-size-default\">Vale a pena investir em usinas solares?<\/h2>\t\t\t\t<\/div>\n\t\t\t\t<\/div>\n\t\t\t\t<div class=\"elementor-element elementor-element-3ee6ec9 elementor-widget__width-initial elementor-invisible elementor-widget elementor-widget-text-editor\" data-id=\"3ee6ec9\" data-element_type=\"widget\" data-settings=\"{&quot;_animation&quot;:&quot;fadeInUp&quot;}\" data-widget_type=\"text-editor.default\">\n\t\t\t\t<div class=\"elementor-widget-container\">\n\t\t\t\t\t\t\t\t\t<p>As usinas solares s\u00e3o o futuro da energia. Ao mesmo tempo que ningu\u00e9m pode ficar sem energia, todos querem economizar. Por isso, usinas solares s\u00e3o investimentos com gera\u00e7\u00e3o e consumidores garantidos por muito tempo. Assim como em sistemas solares residenciais, usinas solares levam menos da metade do pr\u00f3prio tempo de vida para se pagarem e gerar lucro. Tamb\u00e9m apresentam boa rentabilidade, especialmente se os lucros forem usados em aplica\u00e7\u00f5es financeiras.<\/p>\t\t\t\t\t\t\t\t<\/div>\n\t\t\t\t<\/div>\n\t\t\t\t\t<\/div>\n\t\t\t\t<\/div>\n\t\t<div class=\"elementor-element elementor-element-6cf43f9 e-flex e-con-boxed elementor-invisible e-con e-parent\" data-id=\"6cf43f9\" data-element_type=\"container\" data-settings=\"{&quot;background_background&quot;:&quot;classic&quot;,&quot;animation&quot;:&quot;fadeIn&quot;}\">\n\t\t\t\t\t<div class=\"e-con-inner\">\n\t\t<div class=\"elementor-element elementor-element-2245a0c e-con-full e-flex e-con e-child\" data-id=\"2245a0c\" data-element_type=\"container\">\n\t\t\t\t<div class=\"elementor-element elementor-element-d23f7a4 elementor-widget-mobile__width-initial elementor-position-top elementor-widget elementor-widget-image-box\" data-id=\"d23f7a4\" data-element_type=\"widget\" data-widget_type=\"image-box.default\">\n\t\t\t\t<div class=\"elementor-widget-container\">\n\t\t\t\t\t<div class=\"elementor-image-box-wrapper\"><figure class=\"elementor-image-box-img\"><img decoding=\"async\" width=\"150\" height=\"150\" src=\"https:\/\/unicosolar.com.br\/backup\/wp-content\/uploads\/2024\/01\/solarFlor.png\" class=\"elementor-animation-bob attachment-full size-full wp-image-4704\" alt=\"\u00edcone amarelo de uma flor com formato de dinheiro\" \/><\/figure><div class=\"elementor-image-box-content\"><p class=\"elementor-image-box-description\">Gere uma\u00a0renda extra\u00a012 meses\u00a0por ano.<\/p><\/div><\/div>\t\t\t\t<\/div>\n\t\t\t\t<\/div>\n\t\t\t\t<\/div>\n\t\t<div class=\"elementor-element elementor-element-8274099 e-con-full e-flex e-con e-child\" data-id=\"8274099\" data-element_type=\"container\">\n\t\t\t\t<div class=\"elementor-element elementor-element-bcc8fed elementor-widget-mobile__width-initial elementor-position-top elementor-widget elementor-widget-image-box\" data-id=\"bcc8fed\" data-element_type=\"widget\" data-widget_type=\"image-box.default\">\n\t\t\t\t<div class=\"elementor-widget-container\">\n\t\t\t\t\t<div class=\"elementor-image-box-wrapper\"><figure class=\"elementor-image-box-img\"><img decoding=\"async\" width=\"150\" height=\"150\" src=\"https:\/\/unicosolar.com.br\/backup\/wp-content\/uploads\/2024\/01\/solarTomada.png\" class=\"elementor-animation-bob attachment-full size-full wp-image-4702\" alt=\"\u00edcone amarelo energia solar\" \/><\/figure><div class=\"elementor-image-box-content\"><p class=\"elementor-image-box-description\">Utilize \u00e1reas improdutivas\u00a0da sua propriedade ou telhado para instalar uma\u00a0usina solar\u00a0e alugar o equipamento.<\/p><\/div><\/div>\t\t\t\t<\/div>\n\t\t\t\t<\/div>\n\t\t\t\t<\/div>\n\t\t<div class=\"elementor-element elementor-element-92bcac9 e-con-full e-flex e-con e-child\" data-id=\"92bcac9\" data-element_type=\"container\">\n\t\t\t\t<div class=\"elementor-element elementor-element-c317bfe elementor-widget-mobile__width-initial elementor-position-top elementor-widget elementor-widget-image-box\" data-id=\"c317bfe\" data-element_type=\"widget\" data-widget_type=\"image-box.default\">\n\t\t\t\t<div class=\"elementor-widget-container\">\n\t\t\t\t\t<div class=\"elementor-image-box-wrapper\"><figure class=\"elementor-image-box-img\"><img decoding=\"async\" width=\"150\" height=\"150\" src=\"https:\/\/unicosolar.com.br\/backup\/wp-content\/uploads\/2024\/01\/solarDinheiro.png\" class=\"elementor-animation-bob attachment-full size-full wp-image-4703\" alt=\"\u00edcone amarelo dinheiro\" \/><\/figure><div class=\"elementor-image-box-content\"><p class=\"elementor-image-box-description\">Podendo financiar\u00a0100%\ndo investimento\ninicial.\n<\/p><\/div><\/div>\t\t\t\t<\/div>\n\t\t\t\t<\/div>\n\t\t\t\t<\/div>\n\t\t\t\t\t<\/div>\n\t\t\t\t<\/div>\n\t\t<div class=\"elementor-element elementor-element-1fa2bbb e-flex e-con-boxed e-con e-parent\" data-id=\"1fa2bbb\" data-element_type=\"container\" data-settings=\"{&quot;background_background&quot;:&quot;classic&quot;}\">\n\t\t\t\t\t<div class=\"e-con-inner\">\n\t\t<div class=\"elementor-element elementor-element-c35b0b6 e-con-full e-flex elementor-invisible e-con e-child\" data-id=\"c35b0b6\" data-element_type=\"container\" data-settings=\"{&quot;animation&quot;:&quot;fadeInLeft&quot;}\">\n\t\t\t\t<div class=\"elementor-element elementor-element-8218c12 elementor-widget__width-inherit elementor-invisible elementor-widget elementor-widget-heading\" data-id=\"8218c12\" data-element_type=\"widget\" data-settings=\"{&quot;_animation&quot;:&quot;fadeInUp&quot;}\" data-widget_type=\"heading.default\">\n\t\t\t\t<div class=\"elementor-widget-container\">\n\t\t\t\t\t<h2 class=\"elementor-heading-title elementor-size-default\">Obtenha uma nova fonte de renda.\nRentabilize o seu investimento<Br>\nem usinas solares!\n<\/h2>\t\t\t\t<\/div>\n\t\t\t\t<\/div>\n\t\t\t\t<div class=\"elementor-element elementor-element-5fc06f9 elementor-hidden-desktop elementor-hidden-tablet elementor-widget elementor-widget-image\" data-id=\"5fc06f9\" data-element_type=\"widget\" data-widget_type=\"image.default\">\n\t\t\t\t<div class=\"elementor-widget-container\">\n\t\t\t\t\t\t\t\t\t\t\t\t\t\t\t<img loading=\"lazy\" decoding=\"async\" width=\"458\" height=\"685\" src=\"https:\/\/unicosolar.com.br\/backup\/wp-content\/uploads\/2024\/01\/solar-panels-against-blue-sky-against-deep-blue-sky-suny-weather-1.png\" class=\"attachment-full size-full wp-image-4706\" alt=\"Painel solar com o c\u00e9u azul\" srcset=\"https:\/\/unicosolar.com.br\/backup\/wp-content\/uploads\/2024\/01\/solar-panels-against-blue-sky-against-deep-blue-sky-suny-weather-1.png 458w, https:\/\/unicosolar.com.br\/backup\/wp-content\/uploads\/2024\/01\/solar-panels-against-blue-sky-against-deep-blue-sky-suny-weather-1-201x300.png 201w\" sizes=\"(max-width: 458px) 100vw, 458px\" \/>\t\t\t\t\t\t\t\t\t\t\t\t\t\t\t<\/div>\n\t\t\t\t<\/div>\n\t\t\t\t<div class=\"elementor-element elementor-element-7f17877 elementor-widget__width-inherit elementor-widget elementor-widget-text-editor\" data-id=\"7f17877\" data-element_type=\"widget\" data-widget_type=\"text-editor.default\">\n\t\t\t\t<div class=\"elementor-widget-container\">\n\t\t\t\t\t\t\t\t\t<p>As usinas solares s\u00e3o o futuro da energia. Ao mesmo tempo que ningu\u00e9m pode ficar sem energia, todos querem economizar. Por isso, usinas solares s\u00e3o investimentos com gera\u00e7\u00e3o e consumidores garantidos por muito tempo. Assim como em sistemas solares residenciais, usinas solares levam menos da metade do pr\u00f3prio tempo de vida para se pagarem e gerar lucro. Tamb\u00e9m apresentam boa rentabilidade, especialmente se os lucros forem usados em aplica\u00e7\u00f5es financeiras.<\/p><p>\u00a0<\/p><p>Se voc\u00ea est\u00e1 procurando uma maneira de obter uma nova fonte de renda e contribuir para o meio ambiente, a energia solar \u00e9 uma \u00f3tima op\u00e7\u00e3o.<\/p>\t\t\t\t\t\t\t\t<\/div>\n\t\t\t\t<\/div>\n\t\t\t\t<\/div>\n\t\t<div class=\"elementor-element elementor-element-51c288f e-con-full elementor-hidden-mobile e-flex elementor-invisible e-con e-child\" data-id=\"51c288f\" data-element_type=\"container\" data-settings=\"{&quot;animation&quot;:&quot;fadeInRight&quot;}\">\n\t\t\t\t<div class=\"elementor-element elementor-element-812073b elementor-widget elementor-widget-image\" data-id=\"812073b\" data-element_type=\"widget\" data-widget_type=\"image.default\">\n\t\t\t\t<div class=\"elementor-widget-container\">\n\t\t\t\t\t\t\t\t\t\t\t\t\t\t\t<img loading=\"lazy\" decoding=\"async\" width=\"458\" height=\"685\" src=\"https:\/\/unicosolar.com.br\/backup\/wp-content\/uploads\/2024\/01\/solar-panels-against-blue-sky-against-deep-blue-sky-suny-weather-1.png\" class=\"attachment-large size-large wp-image-4706\" alt=\"Painel solar com o c\u00e9u azul\" srcset=\"https:\/\/unicosolar.com.br\/backup\/wp-content\/uploads\/2024\/01\/solar-panels-against-blue-sky-against-deep-blue-sky-suny-weather-1.png 458w, https:\/\/unicosolar.com.br\/backup\/wp-content\/uploads\/2024\/01\/solar-panels-against-blue-sky-against-deep-blue-sky-suny-weather-1-201x300.png 201w\" sizes=\"(max-width: 458px) 100vw, 458px\" \/>\t\t\t\t\t\t\t\t\t\t\t\t\t\t\t<\/div>\n\t\t\t\t<\/div>\n\t\t\t\t<\/div>\n\t\t<div class=\"elementor-element elementor-element-b91d80e e-flex e-con-boxed e-con e-child\" data-id=\"b91d80e\" data-element_type=\"container\">\n\t\t\t\t\t<div class=\"e-con-inner\">\n\t\t\t\t<div class=\"elementor-element elementor-element-bf81c44 elementor-align-center elementor-invisible elementor-widget elementor-widget-button\" data-id=\"bf81c44\" data-element_type=\"widget\" data-settings=\"{&quot;_animation&quot;:&quot;fadeInUp&quot;}\" data-widget_type=\"button.default\">\n\t\t\t\t<div class=\"elementor-widget-container\">\n\t\t\t\t\t\t\t\t\t<div class=\"elementor-button-wrapper\">\n\t\t\t\t\t<a class=\"elementor-button elementor-button-link elementor-size-sm elementor-animation-shrink\" href=\"https:\/\/unicosolar.com.br\/backup\/#economia\">\n\t\t\t\t\t\t<span class=\"elementor-button-content-wrapper\">\n\t\t\t\t\t\t\t\t\t<span class=\"elementor-button-text\">Simular Investimento<\/span>\n\t\t\t\t\t<\/span>\n\t\t\t\t\t<\/a>\n\t\t\t\t<\/div>\n\t\t\t\t\t\t\t\t<\/div>\n\t\t\t\t<\/div>\n\t\t\t\t\t<\/div>\n\t\t\t\t<\/div>\n\t\t\t\t\t<\/div>\n\t\t\t\t<\/div>\n\t\t<div class=\"elementor-element elementor-element-b8a0b81 e-flex e-con-boxed e-con e-parent\" data-id=\"b8a0b81\" data-element_type=\"container\" data-settings=\"{&quot;background_background&quot;:&quot;classic&quot;}\">\n\t\t\t\t\t<div class=\"e-con-inner\">\n\t\t\t\t<div class=\"elementor-element elementor-element-5333530 elementor-widget__width-inherit elementor-invisible elementor-widget elementor-widget-heading\" data-id=\"5333530\" data-element_type=\"widget\" data-settings=\"{&quot;_animation&quot;:&quot;fadeInUp&quot;}\" data-widget_type=\"heading.default\">\n\t\t\t\t<div class=\"elementor-widget-container\">\n\t\t\t\t\t<h2 class=\"elementor-heading-title elementor-size-default\">Como funciona?<\/h2>\t\t\t\t<\/div>\n\t\t\t\t<\/div>\n\t\t<div class=\"elementor-element elementor-element-c227bab e-con-full e-flex elementor-invisible e-con e-child\" data-id=\"c227bab\" data-element_type=\"container\" data-settings=\"{&quot;animation&quot;:&quot;fadeInLeft&quot;}\">\n\t\t\t\t<div class=\"elementor-element elementor-element-b2a1841 elementor-widget-mobile__width-initial elementor-position-top elementor-widget elementor-widget-image-box\" data-id=\"b2a1841\" data-element_type=\"widget\" data-widget_type=\"image-box.default\">\n\t\t\t\t<div class=\"elementor-widget-container\">\n\t\t\t\t\t<div class=\"elementor-image-box-wrapper\"><figure class=\"elementor-image-box-img\"><img loading=\"lazy\" decoding=\"async\" width=\"150\" height=\"150\" src=\"https:\/\/unicosolar.com.br\/backup\/wp-content\/uploads\/2024\/01\/solarEnergia.png\" class=\"elementor-animation-bob attachment-full size-full wp-image-4769\" alt=\"\u00cdcone dinheiro\" \/><\/figure><div class=\"elementor-image-box-content\"><h3 class=\"elementor-image-box-title\">Passo 1<\/h3><p class=\"elementor-image-box-description\">\u00a0\u200bAvalia\u00e7\u00e3o\u00a0da \u00e1rea e instala\u00e7\u00e3o\u00a0da\u00a0usina solar\u00a0para\u00a0inje\u00e7\u00e3o\u00a0de energia na rede el\u00e9trica.\n<\/p><\/div><\/div>\t\t\t\t<\/div>\n\t\t\t\t<\/div>\n\t\t\t\t<\/div>\n\t\t<div class=\"elementor-element elementor-element-99ed1d1 e-con-full e-flex elementor-invisible e-con e-child\" data-id=\"99ed1d1\" data-element_type=\"container\" data-settings=\"{&quot;animation&quot;:&quot;fadeInUp&quot;}\">\n\t\t\t\t<div class=\"elementor-element elementor-element-bddec7f elementor-widget-mobile__width-initial elementor-position-top elementor-widget elementor-widget-image-box\" data-id=\"bddec7f\" data-element_type=\"widget\" data-widget_type=\"image-box.default\">\n\t\t\t\t<div class=\"elementor-widget-container\">\n\t\t\t\t\t<div class=\"elementor-image-box-wrapper\"><figure class=\"elementor-image-box-img\"><img loading=\"lazy\" decoding=\"async\" width=\"150\" height=\"150\" src=\"https:\/\/unicosolar.com.br\/backup\/wp-content\/uploads\/2024\/01\/SolarSol.png\" class=\"elementor-animation-bob attachment-full size-full wp-image-4771\" alt=\"\u00edcone de energia solar\" \/><\/figure><div class=\"elementor-image-box-content\"><h3 class=\"elementor-image-box-title\">Passo 2<\/h3><p class=\"elementor-image-box-description\">\u00a0\u200bA concession\u00e1ria de energia el\u00e9trica\u00a0distribui a energia\u00a0para as unidades de consumo.\n<\/p><\/div><\/div>\t\t\t\t<\/div>\n\t\t\t\t<\/div>\n\t\t\t\t<\/div>\n\t\t<div class=\"elementor-element elementor-element-d590c9a e-con-full e-flex elementor-invisible e-con e-child\" data-id=\"d590c9a\" data-element_type=\"container\" data-settings=\"{&quot;animation&quot;:&quot;fadeInRight&quot;}\">\n\t\t\t\t<div class=\"elementor-element elementor-element-bf7eabe elementor-widget-mobile__width-initial elementor-position-top elementor-widget elementor-widget-image-box\" data-id=\"bf7eabe\" data-element_type=\"widget\" data-widget_type=\"image-box.default\">\n\t\t\t\t<div class=\"elementor-widget-container\">\n\t\t\t\t\t<div class=\"elementor-image-box-wrapper\"><figure class=\"elementor-image-box-img\"><img loading=\"lazy\" decoding=\"async\" width=\"150\" height=\"150\" src=\"https:\/\/unicosolar.com.br\/backup\/wp-content\/uploads\/2024\/01\/SolarMao.png\" class=\"elementor-animation-bob attachment-full size-full wp-image-4770\" alt=\"\u00cdcone m\u00e3o segurando dinheiro\" \/><\/figure><div class=\"elementor-image-box-content\"><h3 class=\"elementor-image-box-title\">Passo 3<\/h3><p class=\"elementor-image-box-description\">O propriet\u00e1rio\u00a0recebe\u00a0\nmensalmente\u00a0pelo aluguel da\u00a0energia gerada.<\/p><\/div><\/div>\t\t\t\t<\/div>\n\t\t\t\t<\/div>\n\t\t\t\t<\/div>\n\t\t\t\t\t<\/div>\n\t\t\t\t<\/div>\n\t\t<div class=\"elementor-element elementor-element-e157695 e-flex e-con-boxed e-con e-parent\" data-id=\"e157695\" data-element_type=\"container\" data-settings=\"{&quot;background_background&quot;:&quot;classic&quot;}\">\n\t\t\t\t\t<div class=\"e-con-inner\">\n\t\t\t\t<div class=\"elementor-element elementor-element-1133407 elementor-widget__width-initial elementor-invisible elementor-widget elementor-widget-heading\" data-id=\"1133407\" data-element_type=\"widget\" data-settings=\"{&quot;_animation&quot;:&quot;fadeInUp&quot;}\" data-widget_type=\"heading.default\">\n\t\t\t\t<div class=\"elementor-widget-container\">\n\t\t\t\t\t<h2 class=\"elementor-heading-title elementor-size-default\">Potencialize seus ganhos, seja dono de uma usina solar de investimento!<\/h2>\t\t\t\t<\/div>\n\t\t\t\t<\/div>\n\t\t\t\t<div class=\"elementor-element elementor-element-6f167b5 elementor-widget__width-initial elementor-invisible elementor-widget elementor-widget-text-editor\" data-id=\"6f167b5\" data-element_type=\"widget\" data-settings=\"{&quot;_animation&quot;:&quot;fadeInUp&quot;}\" data-widget_type=\"text-editor.default\">\n\t\t\t\t<div class=\"elementor-widget-container\">\n\t\t\t\t\t\t\t\t\t<p>Saiba mais sobre as oportunidades de investimento em energia com a Unico Solar e fa\u00e7a parte dos investidores de sucesso.<\/p>\t\t\t\t\t\t\t\t<\/div>\n\t\t\t\t<\/div>\n\t\t\t\t<div class=\"elementor-element elementor-element-eb37d7c elementor-align-center elementor-invisible elementor-widget elementor-widget-button\" data-id=\"eb37d7c\" data-element_type=\"widget\" data-settings=\"{&quot;_animation&quot;:&quot;fadeInUp&quot;}\" data-widget_type=\"button.default\">\n\t\t\t\t<div class=\"elementor-widget-container\">\n\t\t\t\t\t\t\t\t\t<div class=\"elementor-button-wrapper\">\n\t\t\t\t\t<a class=\"elementor-button elementor-button-link elementor-size-sm elementor-animation-shrink\" href=\"https:\/\/unicosolar.com.br\/backup\/#economia\">\n\t\t\t\t\t\t<span class=\"elementor-button-content-wrapper\">\n\t\t\t\t\t\t\t\t\t<span class=\"elementor-button-text\">Simular Investimento<\/span>\n\t\t\t\t\t<\/span>\n\t\t\t\t\t<\/a>\n\t\t\t\t<\/div>\n\t\t\t\t\t\t\t\t<\/div>\n\t\t\t\t<\/div>\n\t\t\t\t\t<\/div>\n\t\t\t\t<\/div>\n\t\t\t\t<\/div>\n\t\t","protected":false},"excerpt":{"rendered":"<p>Usina solar Um investimento seguro e rent\u00e1vel Trabalho e coragem para revolucionar a matriz energ\u00e9tica Simular Investimento O que \u00e9 uma usina solar? S\u00e3o\u00a0usinas que geram energia\u00a0por meio da luz do sol. Essas usinas podem ter centenas ou at\u00e9 milhares de pain\u00e9is fotovoltaicos, tamb\u00e9m chamados pain\u00e9is solares.Quando focadas em comercializa\u00e7\u00e3o de energia, as usinas solares [&hellip;]<\/p>\n","protected":false},"author":5,"featured_media":0,"parent":0,"menu_order":0,"comment_status":"closed","ping_status":"closed","template":"elementor_theme","meta":{"_joinchat":[],"footnotes":""},"class_list":["post-4696","page","type-page","status-publish","hentry"],"_links":{"self":[{"href":"https:\/\/unicosolar.com.br\/backup\/wp-json\/wp\/v2\/pages\/4696","targetHints":{"allow":["GET"]}}],"collection":[{"href":"https:\/\/unicosolar.com.br\/backup\/wp-json\/wp\/v2\/pages"}],"about":[{"href":"https:\/\/unicosolar.com.br\/backup\/wp-json\/wp\/v2\/types\/page"}],"author":[{"embeddable":true,"href":"https:\/\/unicosolar.com.br\/backup\/wp-json\/wp\/v2\/users\/5"}],"replies":[{"embeddable":true,"href":"https:\/\/unicosolar.com.br\/backup\/wp-json\/wp\/v2\/comments?post=4696"}],"version-history":[{"count":70,"href":"https:\/\/unicosolar.com.br\/backup\/wp-json\/wp\/v2\/pages\/4696\/revisions"}],"predecessor-version":[{"id":5518,"href":"https:\/\/unicosolar.com.br\/backup\/wp-json\/wp\/v2\/pages\/4696\/revisions\/5518"}],"wp:attachment":[{"href":"https:\/\/unicosolar.com.br\/backup\/wp-json\/wp\/v2\/media?parent=4696"}],"curies":[{"name":"wp","href":"https:\/\/api.w.org\/{rel}","templated":true}]}}